13 composite?
True
Is 9060380509 a prime number?
False
Is 59570601163 a composite number?
False
Is 4198159711 composite?
True
Is 1200060151 prime?
False
Is 170181430631 a prime number?
True
Is 4183920067 composite?
True
Is 1468627427 composite?
False
Is 12764971403 a composite number?
False
Is 234137117 a composite number?
False
Is 46210222831 a composite number?
True
Is 4852154103 prime?
False
Is 9683227 a prime number?
False
Is 12662719171 composite?
True
Is 13983562637 a composite number?
True
Is 2676251213 composite?
True
Is 110257705123 composite?
True
Is 4430467957 a prime number?
True
Is 2584474393 a composite number?
True
Is 6718947679 composite?
True
Is 278994341 a prime number?
True
Is 24580282841 a composite number?
True
Is 4215399811 prime?
False
Is 5320589119 composite?
False
Is 1114844803 prime?
True
Is 9008127701 composite?
False
Is 2007806401 composite?
False
Is 27971989817 a composite number?
True
Is 1384929349 prime?
False
Is 4964144477 a prime number?
True
Is 14403709349 a composite number?
True
Is 409515787 a composite number?
True
Is 2542675757 a composite number?
False
Is 1329522573 a prime number?
False
Is 17373845329 a prime number?
True
Is 141724321 composite?
True
Is 7326570571 composite?
False
Is 736504799 composite?
False
Is 16621359611 composite?
False
Is 350174603 composite?
True
Is 100467804139 composite?
False
Is 1019019811 prime?
True
Is 40936117 a prime number?
True
Is 31727585339 a prime number?
True
Is 20519791379 prime?
True
Is 1926923179 prime?
True
Is 78318705107 prime?
False
Is 882187639 a composite number?
False
Is 537664877 prime?
True
Is 64660636709 a prime number?
True
Is 53198481773 a composite number?
False
Is 761565107 a prime number?
False
Is 1399264961 composite?
True
Is 46154874023 a prime number?
True
Is 54021403867 a composite number?
False
Is 6936603319 a composite number?
True
Is 117203369 a composite number?
True
Is 3223047823 a composite number?
False
Is 27430308821 composite?
True
Is 223032391 a composite number?
True
Is 12933489233 a composite number?
True
Is 769924241 a composite number?
True
Is 4457098133 prime?
True
Is 2927459 prime?
True
Is 291438607 a composite number?
True
Is 3222826921 prime?
False
Is 441160987 composite?
False
Is 2629561303 composite?
True
Is 1247778949 prime?
True
Is 5842401 a composite number?
True
Is 1199264603 a prime number?
True
Is 22740483 composite?
True
Is 24065309 a prime number?
True
Is 33768531497 composite?
True
Is 248541577 composite?
False
Is 5878204327 a composite number?
True
Is 53877174881 a composite number?
False
Is 81164843 a composite number?
True
Is 47105826721 a prime number?
True
Is 1024942361741 composite?
False
Is 8955006271 a prime number?
True
Is 13271798503 a prime number?
True
Is 5400166903 a prime number?
True
Is 9343639679 prime?
False
Is 1795111841 prime?
False
Is 3833746979 composite?
False
Is 3042823441 a composite number?
True
Is 8814546551 a prime number?
True
Is 23598545941 a composite number?
True
Is 94675510073 a prime number?
False
Is 102187637573 prime?
False
Is 15278915783 prime?
True
Is 615361771 a composite number?
False
Is 2493695339 a composite number?
False
Is 5368261247 prime?
True
Is 2364564599 composite?
True
Is 16173245737 a composite number?
True
Is 8840730721 composite?
True
Is 4145308823 composite?
False
Is 181995897373 composite?
False
Is 2131351261 composite?
True
Is 4482640459 prime?
False
Is 1956673483 prime?
True
Is 425807383 a prime number?
False
Is 130402223351 composite?
True
Is 9101020199 a prime number?
True
Is 1660046989 a composite number?
True
Is 2620288049 a composite number?
False
Is 78917521 a prime number?
True
Is 6034502035 a prime number?
False
Is 50048126443 prime?
False
Is 5661389287 a composite number?
False
Is 1499297519 a composite number?
False
Is 171731671049 composite?
False
Is 710299803 a composite number?
True
Is 211510181 a composite number?
False
Is 8068756351 a composite number?
True
Is 47381195 a composite number?
True
Is 38290982447 a prime number?
False
Is 845506457 prime?
False
Is 206173543 composite?
True
Is 7468021867 composite?
True
Is 2224354831 a prime number?
False
Is 15306889249 a composite number?
True
Is 2366389021 prime?
True
Is 21153717821 prime?
True
Is 13396234613 a prime number?
False
Is 200812236371 composite?
False
Is 392237429 a composite number?
True
Is 1255308601 a composite number?
True
Is 557824877 composite?
True
Is 461349593 a composite number?
False
Is 400942979 a composite number?
True
Is 63936889117 prime?
False
Is 598404533 composite?
False
Is 2107437799 prime?
True
Is 2232334145 a prime number?
False
Is 15625823063 prime?
True
Is 4548942341 prime?
True
Is 108009409 a prime number?
False
Is 3246086279 prime?
False
Is 2493889049 a prime number?
True
Is 58197716195 a composite number?
True
Is 58183454201 a prime number?
True
Is 404127721 composite?
True
Is 750720081 composite?
True
Is 83328853 prime?
True
Is 2654863558 a composite number?
True
Is 16223588067 composite?
True
Is 376970471 a composite number?
False
Is 33554587361 a prime number?
True
Is 50051677489 prime?
False
Is 1240732043 a composite number?
True
Is 6663956963 a composite number?
True
Is 25376817239 composite?
False
Is 3516728339 a prime number?
True
Is 2712101479 prime?
True
Is 13529138321 prime?
False
Is 7406190401 a prime number?
False
Is 1234893563 prime?
True
Is 636078757 a composite number?
False
Is 8585207467 prime?
True
Is 122835751 a composite number?
True
Is 83271208081 a prime number?
True
Is 18770494559 composite?
False
Is 4953528887 a prime number?
False
Is 588667577 composite?
False
Is 81960299 a composite number?
False
Is 9007123481 a composite number?
True
Is 73571395 a composite number?
True
Is 19433000567 prime?
True
Is 1480924387 a prime number?
False
Is 20412687961 prime?
False
Is 6709672451 prime?
True
Is 7122357551 a composite number?
True
Is 727665557 a composite number?
False
Is 6526881749 prime?
True
Is 59605453 a composite number?
True
Is 1607107399 a prime number?
False
Is 11038466641 a prime number?
True
Is 18746527 a prime number?
True
Is 117399691 a composite number?
False
Is 2065037501 prime?
True
Is 3024447641 prime?
True
Is 7379339827 composite?
False
Is 16322329129 prime?
True
Is 34737262577 a prime number?
True
Is 2123156591 a composite number?
False
Is 924730619 a prime number?
True
Is 4926457187 prime?
False
Is 5580781093 a composite number?
False
Is 74926625611 a composite number?
False
Is 538211404621 prime?
False
Is 10195371001 a composite number?
False
Is 2066591063 a composite number?
True
Is 28900668089 composite?
False
Is 61466333983 prime?
True
Is 19532237 prime?
True
Is 533227711 prime?
True
Is 32890437791 prime?
True
Is 19723702589 prime?
True
Is 1639578461 composite?
False
Is 12020401 a composite number?
True
Is 5046482167 a composite number?
True
Is 2764660357 prime?
True
Is 156312395669 composite?
True
Is 10245883919 a composite number?
True
Is 285751363 a prime number?
True
Is 3149899607 composite?
False
Is 1491332797 a composite number?
False
Is 249129523813 prime?
True
Is 3548977427 composite?
False
Is 832482517 a prime number?
True
Is 72707747579 a prime number?
False
Is 651642289 a prime number?
False
Is 35446233437 prime?
False
Is 2462329633 a composite number?
True
Is 391976401 prime?
True
Is 11396230429 a prime number?
True
Is 197198479529 prime?
False
Is 16033689499 a composite number?
False
Is 14402879147 a prime number?
True
Is 1311770267 prime?
False
Is 522169223 a prime number?
False
Is 2109558641 composite?
True
Is 341837497 a composite number?
False
Is 134022639 composite?
True
Is 18675277 composite?
True
Is 61288556453 prime?
True
Is 369309397 a composite number?
False
Is 13168887283 a prime number?
False
Is 9595339807 prime?
False
Is 324286819 a prime number?
False
Is 10273696759 prime?
False
Is 11636363161 a prime number?
True
Is 2436744423 a composite number?
True
Is 35201309329 a prime number?
False
Is 214804907 prime?
True
Is 6875414237 a prime number?
False
Is 135611607317 prime?
True
Is 51455487649 a composite number?
False
Is 22415054681 a prime number?
True
Is 2013159199 a composite number?
False
Is 5412784517 a prime number?
False
Is 18341943293 a composite number?
False
Is 12487834979 prime?
False
Is